{"id":17884,"date":"2022-04-27T15:44:17","date_gmt":"2022-04-27T18:44:17","guid":{"rendered":"https:\/\/www.scuola.cl\/sivm\/?page_id=17884"},"modified":"2022-04-27T16:00:54","modified_gmt":"2022-04-27T19:00:54","slug":"biblioteca","status":"publish","type":"page","link":"https:\/\/www.scuola.cl\/sivm\/alumnos\/biblioteca\/","title":{"rendered":"BIBLIOTECA"},"content":{"rendered":"<p>Los invitamos a conocer el Sitio Web de nuestra Biblioteca, creado especialmente para que los alumnos y comunidad puedan acceder a diferentes fuentes, con el inter\u00e9s tanto de investigar como de recrearse con la lectura.<\/p>\n<p>En \u00e9l encontrar\u00e1n los links correspondientes a la Biblioteca Digital Mundial de la Unesco, la Biblioteca P\u00fablica Digital, la Biblioteca Nacional Digital, Memoria Chilena y el Portal de libros electr\u00f3nicos publicados por la Universidad de Chile y m\u00e1s.<\/p>\n<p>Asimismo, incluimos audiocuentos en italiano y espa\u00f1ol sugeridos para el fomento lector, recomendaciones literarias de nuestros exalumnos, textos y actividades en ingl\u00e9s de Oxford hasta los 11 a\u00f1os, cortos como La peste del insomnio, y consejos de ciudadan\u00eda digital.<\/p>\n<p>Para acceder hacer clic en el siguiente banner:<\/p>\n<p><a href=\"https:\/\/sites.google.com\/scuola.cl\/sitiodebiblioteca\" target=\"_blank\" rel=\"noopener noreferrer\"><img loading=\"lazy\" decoding=\"async\" width=\"900\" height=\"190\" class=\"alignnone wp-image-13757\" src=\"https:\/\/www.scuola.cl\/sivm\/wp-content\/uploads\/2020\/10\/Banner-Sitio-Scuola-Biblioteca.png\" alt=\"Banner biblioteca\" srcset=\"https:\/\/www.scuola.cl\/sivm\/wp-content\/uploads\/2020\/10\/Banner-Sitio-Scuola-Biblioteca.png 900w, https:\/\/www.scuola.cl\/sivm\/wp-content\/uploads\/2020\/10\/Banner-Sitio-Scuola-Biblioteca-250x53.png 250w, https:\/\/www.scuola.cl\/sivm\/wp-content\/uploads\/2020\/10\/Banner-Sitio-Scuola-Biblioteca-700x148.png 700w, https:\/\/www.scuola.cl\/sivm\/wp-content\/uploads\/2020\/10\/Banner-Sitio-Scuola-Biblioteca-768x162.png 768w, https:\/\/www.scuola.cl\/sivm\/wp-content\/uploads\/2020\/10\/Banner-Sitio-Scuola-Biblioteca-120x25.png 120w\" sizes=\"auto, (max-width: 900px) 100vw, 900px\" \/><\/a><\/p>\n","protected":false},"excerpt":{"rendered":"Los invitamos a conocer el Sitio Web de nuestra Biblioteca, creado especialmente para que los alumnos y comunidad puedan acceder a diferentes fuentes, con el inter\u00e9s tanto de investigar como de recrearse con la lectura. En \u00e9l encontrar\u00e1n los links correspondientes a la Biblioteca Digital Mundial de la Unesco, la Biblioteca P\u00fablica Digital, la Biblioteca&#8230; <a class=\"view-article\" href=\"https:\/\/www.scuola.cl\/sivm\/alumnos\/biblioteca\/\">Ver art\u00edculo<\/a>","protected":false},"author":2,"featured_media":0,"parent":38,"menu_order":0,"comment_status":"closed","ping_status":"closed","template":"alumnos.php","meta":{"_acf_changed":false,"footnotes":""},"class_list":["post-17884","page","type-page","status-publish","hentry"],"acf":[],"yoast_head":"<!-- This site is optimized with the Yoast SEO plugin v27.1.1 - https:\/\/yoast.com\/product\/yoast-seo-wordpress\/ -->\n<title>BIBLIOTECA - Scuola Italiana<\/title>\n<meta name=\"robots\" content=\"index, follow, max-snippet:-1, max-image-preview:large, max-video-preview:-1\" \/>\n<link rel=\"canonical\" href=\"https:\/\/www.scuola.cl\/sivm\/alumnos\/biblioteca\/\" \/>\n<meta property=\"og:locale\" content=\"es_ES\" \/>\n<meta property=\"og:type\" content=\"article\" \/>\n<meta property=\"og:title\" content=\"BIBLIOTECA - Scuola Italiana\" \/>\n<meta property=\"og:description\" content=\"Los invitamos a conocer el Sitio Web de nuestra Biblioteca, creado especialmente para que los alumnos y comunidad puedan acceder a diferentes fuentes, con el inter\u00e9s tanto de investigar como de recrearse con la lectura. En \u00e9l encontrar\u00e1n los links correspondientes a la Biblioteca Digital Mundial de la Unesco, la Biblioteca P\u00fablica Digital, la Biblioteca... Ver art\u00edculo\" \/>\n<meta property=\"og:url\" content=\"https:\/\/www.scuola.cl\/sivm\/alumnos\/biblioteca\/\" \/>\n<meta property=\"og:site_name\" content=\"Scuola Italiana\" \/>\n<meta property=\"article:modified_time\" content=\"2022-04-27T19:00:54+00:00\" \/>\n<meta property=\"og:image\" content=\"https:\/\/www.scuola.cl\/sivm\/wp-content\/uploads\/2020\/10\/Banner-Sitio-Scuola-Biblioteca.png\" \/>\n<meta name=\"twitter:card\" content=\"summary_large_image\" \/>\n<meta name=\"twitter:label1\" content=\"Tiempo de lectura\" \/>\n\t<meta name=\"twitter:data1\" content=\"1 minuto\" \/>\n<script type=\"application\/ld+json\" class=\"yoast-schema-graph\">{\"@context\":\"https:\/\/schema.org\",\"@graph\":[{\"@type\":\"WebPage\",\"@id\":\"https:\/\/www.scuola.cl\/sivm\/alumnos\/biblioteca\/\",\"url\":\"https:\/\/www.scuola.cl\/sivm\/alumnos\/biblioteca\/\",\"name\":\"BIBLIOTECA - Scuola Italiana\",\"isPartOf\":{\"@id\":\"https:\/\/www.scuola.cl\/sivm\/#website\"},\"primaryImageOfPage\":{\"@id\":\"https:\/\/www.scuola.cl\/sivm\/alumnos\/biblioteca\/#primaryimage\"},\"image\":{\"@id\":\"https:\/\/www.scuola.cl\/sivm\/alumnos\/biblioteca\/#primaryimage\"},\"thumbnailUrl\":\"https:\/\/www.scuola.cl\/sivm\/wp-content\/uploads\/2020\/10\/Banner-Sitio-Scuola-Biblioteca.png\",\"datePublished\":\"2022-04-27T18:44:17+00:00\",\"dateModified\":\"2022-04-27T19:00:54+00:00\",\"breadcrumb\":{\"@id\":\"https:\/\/www.scuola.cl\/sivm\/alumnos\/biblioteca\/#breadcrumb\"},\"inLanguage\":\"es\",\"potentialAction\":[{\"@type\":\"ReadAction\",\"target\":[\"https:\/\/www.scuola.cl\/sivm\/alumnos\/biblioteca\/\"]}]},{\"@type\":\"ImageObject\",\"inLanguage\":\"es\",\"@id\":\"https:\/\/www.scuola.cl\/sivm\/alumnos\/biblioteca\/#primaryimage\",\"url\":\"https:\/\/www.scuola.cl\/sivm\/wp-content\/uploads\/2020\/10\/Banner-Sitio-Scuola-Biblioteca.png\",\"contentUrl\":\"https:\/\/www.scuola.cl\/sivm\/wp-content\/uploads\/2020\/10\/Banner-Sitio-Scuola-Biblioteca.png\",\"width\":900,\"height\":190,\"caption\":\"Banner biblioteca\"},{\"@type\":\"BreadcrumbList\",\"@id\":\"https:\/\/www.scuola.cl\/sivm\/alumnos\/biblioteca\/#breadcrumb\",\"itemListElement\":[{\"@type\":\"ListItem\",\"position\":1,\"name\":\"Inicio\",\"item\":\"https:\/\/www.scuola.cl\/sivm\/\"},{\"@type\":\"ListItem\",\"position\":2,\"name\":\"ALUMNOS\",\"item\":\"https:\/\/www.scuola.cl\/sivm\/alumnos\/\"},{\"@type\":\"ListItem\",\"position\":3,\"name\":\"BIBLIOTECA\"}]},{\"@type\":\"WebSite\",\"@id\":\"https:\/\/www.scuola.cl\/sivm\/#website\",\"url\":\"https:\/\/www.scuola.cl\/sivm\/\",\"name\":\"Scuola Italiana\",\"description\":\"Vittorio Montiglio\",\"publisher\":{\"@id\":\"https:\/\/www.scuola.cl\/sivm\/#organization\"},\"potentialAction\":[{\"@type\":\"SearchAction\",\"target\":{\"@type\":\"EntryPoint\",\"urlTemplate\":\"https:\/\/www.scuola.cl\/sivm\/?s={search_term_string}\"},\"query-input\":{\"@type\":\"PropertyValueSpecification\",\"valueRequired\":true,\"valueName\":\"search_term_string\"}}],\"inLanguage\":\"es\"},{\"@type\":\"Organization\",\"@id\":\"https:\/\/www.scuola.cl\/sivm\/#organization\",\"name\":\"Scuola Italiana Vittorio Montiglio\",\"url\":\"https:\/\/www.scuola.cl\/sivm\/\",\"logo\":{\"@type\":\"ImageObject\",\"inLanguage\":\"es\",\"@id\":\"https:\/\/www.scuola.cl\/sivm\/#\/schema\/logo\/image\/\",\"url\":\"https:\/\/www.scuola.cl\/sivm\/wp-content\/uploads\/2019\/06\/Logo_Scuola-01-001-1000x1000.png\",\"contentUrl\":\"https:\/\/www.scuola.cl\/sivm\/wp-content\/uploads\/2019\/06\/Logo_Scuola-01-001-1000x1000.png\",\"width\":1000,\"height\":1000,\"caption\":\"Scuola Italiana Vittorio Montiglio\"},\"image\":{\"@id\":\"https:\/\/www.scuola.cl\/sivm\/#\/schema\/logo\/image\/\"}}]}<\/script>\n<!-- \/ Yoast SEO plugin. -->","yoast_head_json":{"title":"BIBLIOTECA - Scuola Italiana","robots":{"index":"index","follow":"follow","max-snippet":"max-snippet:-1","max-image-preview":"max-image-preview:large","max-video-preview":"max-video-preview:-1"},"canonical":"https:\/\/www.scuola.cl\/sivm\/alumnos\/biblioteca\/","og_locale":"es_ES","og_type":"article","og_title":"BIBLIOTECA - Scuola Italiana","og_description":"Los invitamos a conocer el Sitio Web de nuestra Biblioteca, creado especialmente para que los alumnos y comunidad puedan acceder a diferentes fuentes, con el inter\u00e9s tanto de investigar como de recrearse con la lectura. En \u00e9l encontrar\u00e1n los links correspondientes a la Biblioteca Digital Mundial de la Unesco, la Biblioteca P\u00fablica Digital, la Biblioteca... Ver art\u00edculo","og_url":"https:\/\/www.scuola.cl\/sivm\/alumnos\/biblioteca\/","og_site_name":"Scuola Italiana","article_modified_time":"2022-04-27T19:00:54+00:00","og_image":[{"url":"https:\/\/www.scuola.cl\/sivm\/wp-content\/uploads\/2020\/10\/Banner-Sitio-Scuola-Biblioteca.png","type":"","width":"","height":""}],"twitter_card":"summary_large_image","twitter_misc":{"Tiempo de lectura":"1 minuto"},"schema":{"@context":"https:\/\/schema.org","@graph":[{"@type":"WebPage","@id":"https:\/\/www.scuola.cl\/sivm\/alumnos\/biblioteca\/","url":"https:\/\/www.scuola.cl\/sivm\/alumnos\/biblioteca\/","name":"BIBLIOTECA - Scuola Italiana","isPartOf":{"@id":"https:\/\/www.scuola.cl\/sivm\/#website"},"primaryImageOfPage":{"@id":"https:\/\/www.scuola.cl\/sivm\/alumnos\/biblioteca\/#primaryimage"},"image":{"@id":"https:\/\/www.scuola.cl\/sivm\/alumnos\/biblioteca\/#primaryimage"},"thumbnailUrl":"https:\/\/www.scuola.cl\/sivm\/wp-content\/uploads\/2020\/10\/Banner-Sitio-Scuola-Biblioteca.png","datePublished":"2022-04-27T18:44:17+00:00","dateModified":"2022-04-27T19:00:54+00:00","breadcrumb":{"@id":"https:\/\/www.scuola.cl\/sivm\/alumnos\/biblioteca\/#breadcrumb"},"inLanguage":"es","potentialAction":[{"@type":"ReadAction","target":["https:\/\/www.scuola.cl\/sivm\/alumnos\/biblioteca\/"]}]},{"@type":"ImageObject","inLanguage":"es","@id":"https:\/\/www.scuola.cl\/sivm\/alumnos\/biblioteca\/#primaryimage","url":"https:\/\/www.scuola.cl\/sivm\/wp-content\/uploads\/2020\/10\/Banner-Sitio-Scuola-Biblioteca.png","contentUrl":"https:\/\/www.scuola.cl\/sivm\/wp-content\/uploads\/2020\/10\/Banner-Sitio-Scuola-Biblioteca.png","width":900,"height":190,"caption":"Banner biblioteca"},{"@type":"BreadcrumbList","@id":"https:\/\/www.scuola.cl\/sivm\/alumnos\/biblioteca\/#breadcrumb","itemListElement":[{"@type":"ListItem","position":1,"name":"Inicio","item":"https:\/\/www.scuola.cl\/sivm\/"},{"@type":"ListItem","position":2,"name":"ALUMNOS","item":"https:\/\/www.scuola.cl\/sivm\/alumnos\/"},{"@type":"ListItem","position":3,"name":"BIBLIOTECA"}]},{"@type":"WebSite","@id":"https:\/\/www.scuola.cl\/sivm\/#website","url":"https:\/\/www.scuola.cl\/sivm\/","name":"Scuola Italiana","description":"Vittorio Montiglio","publisher":{"@id":"https:\/\/www.scuola.cl\/sivm\/#organization"},"potentialAction":[{"@type":"SearchAction","target":{"@type":"EntryPoint","urlTemplate":"https:\/\/www.scuola.cl\/sivm\/?s={search_term_string}"},"query-input":{"@type":"PropertyValueSpecification","valueRequired":true,"valueName":"search_term_string"}}],"inLanguage":"es"},{"@type":"Organization","@id":"https:\/\/www.scuola.cl\/sivm\/#organization","name":"Scuola Italiana Vittorio Montiglio","url":"https:\/\/www.scuola.cl\/sivm\/","logo":{"@type":"ImageObject","inLanguage":"es","@id":"https:\/\/www.scuola.cl\/sivm\/#\/schema\/logo\/image\/","url":"https:\/\/www.scuola.cl\/sivm\/wp-content\/uploads\/2019\/06\/Logo_Scuola-01-001-1000x1000.png","contentUrl":"https:\/\/www.scuola.cl\/sivm\/wp-content\/uploads\/2019\/06\/Logo_Scuola-01-001-1000x1000.png","width":1000,"height":1000,"caption":"Scuola Italiana Vittorio Montiglio"},"image":{"@id":"https:\/\/www.scuola.cl\/sivm\/#\/schema\/logo\/image\/"}}]}},"_links":{"self":[{"href":"https:\/\/www.scuola.cl\/sivm\/wp-json\/wp\/v2\/pages\/17884","targetHints":{"allow":["GET"]}}],"collection":[{"href":"https:\/\/www.scuola.cl\/sivm\/wp-json\/wp\/v2\/pages"}],"about":[{"href":"https:\/\/www.scuola.cl\/sivm\/wp-json\/wp\/v2\/types\/page"}],"author":[{"embeddable":true,"href":"https:\/\/www.scuola.cl\/sivm\/wp-json\/wp\/v2\/users\/2"}],"replies":[{"embeddable":true,"href":"https:\/\/www.scuola.cl\/sivm\/wp-json\/wp\/v2\/comments?post=17884"}],"version-history":[{"count":2,"href":"https:\/\/www.scuola.cl\/sivm\/wp-json\/wp\/v2\/pages\/17884\/revisions"}],"predecessor-version":[{"id":17894,"href":"https:\/\/www.scuola.cl\/sivm\/wp-json\/wp\/v2\/pages\/17884\/revisions\/17894"}],"up":[{"embeddable":true,"href":"https:\/\/www.scuola.cl\/sivm\/wp-json\/wp\/v2\/pages\/38"}],"wp:attachment":[{"href":"https:\/\/www.scuola.cl\/sivm\/wp-json\/wp\/v2\/media?parent=17884"}],"curies":[{"name":"wp","href":"https:\/\/api.w.org\/{rel}","templated":true}]}}

<p>Los invitamos a conocer el Sitio Web de nuestra Biblioteca, creado especialmente para que los alumnos y comunidad puedan acceder a diferentes fuentes, con el interés tanto de investigar como de recrearse con la lectura.</p>
<p>En él encontrarán los links correspondientes a la Biblioteca Digital Mundial de la Unesco, la Biblioteca Pública Digital, la Biblioteca Nacional Digital, Memoria Chilena y el Portal de libros electrónicos publicados por la Universidad de Chile y más.</p>
<p>Asimismo, incluimos audiocuentos en italiano y español sugeridos para el fomento lector, recomendaciones literarias de nuestros exalumnos, textos y actividades en inglés de Oxford hasta los 11 años, cortos como La peste del insomnio, y consejos de ciudadanía digital.</p>
<p>Para acceder hacer clic en el siguiente banner:</p>
<p><a href="https://sites.google.com/scuola.cl/sitiodebiblioteca" target="_blank" rel="noopener noreferrer"><img loading="lazy" decoding="async" width="900" height="190" class="alignnone wp-image-13757" src="https://www.scuola.cl/sivm/wp-content/uploads/2020/10/Banner-Sitio-Scuola-Biblioteca.png" alt="Banner biblioteca" srcset="https://www.scuola.cl/sivm/wp-content/uploads/2020/10/Banner-Sitio-Scuola-Biblioteca.png 900w, https://www.scuola.cl/sivm/wp-content/uploads/2020/10/Banner-Sitio-Scuola-Biblioteca-250x53.png 250w, https://www.scuola.cl/sivm/wp-content/uploads/2020/10/Banner-Sitio-Scuola-Biblioteca-700x148.png 700w, https://www.scuola.cl/sivm/wp-content/uploads/2020/10/Banner-Sitio-Scuola-Biblioteca-768x162.png 768w, https://www.scuola.cl/sivm/wp-content/uploads/2020/10/Banner-Sitio-Scuola-Biblioteca-120x25.png 120w" sizes="auto, (max-width: 900px) 100vw, 900px" /></a></p>

Los invitamos a conocer el Sitio Web de nuestra Biblioteca, creado especialmente para que los alumnos y comunidad puedan acceder a diferentes fuentes, con el interés tanto de investigar como de recrearse con la lectura. En él encontrarán los links correspondientes a la Biblioteca Digital Mundial de la Unesco, la Biblioteca Pública Digital, la Biblioteca&#8230; <a class="view-article" href="https://www.scuola.cl/sivm/alumnos/biblioteca/">Ver artículo</a>

<!-- This site is optimized with the Yoast SEO plugin v27.1.1 - https://yoast.com/product/yoast-seo-wordpress/ -->
<title>BIBLIOTECA - Scuola Italiana</title>
<meta name="robots" content="index, follow, max-snippet:-1, max-image-preview:large, max-video-preview:-1" />
<link rel="canonical" href="https://www.scuola.cl/sivm/alumnos/biblioteca/" />
<meta property="og:locale" content="es_ES" />
<meta property="og:type" content="article" />
<meta property="og:title" content="BIBLIOTECA - Scuola Italiana" />
<meta property="og:description" content="Los invitamos a conocer el Sitio Web de nuestra Biblioteca, creado especialmente para que los alumnos y comunidad puedan acceder a diferentes fuentes, con el interés tanto de investigar como de recrearse con la lectura. En él encontrarán los links correspondientes a la Biblioteca Digital Mundial de la Unesco, la Biblioteca Pública Digital, la Biblioteca... Ver artículo" />
<meta property="og:url" content="https://www.scuola.cl/sivm/alumnos/biblioteca/" />
<meta property="og:site_name" content="Scuola Italiana" />
<meta property="article:modified_time" content="2022-04-27T19:00:54+00:00" />
<meta property="og:image" content="https://www.scuola.cl/sivm/wp-content/uploads/2020/10/Banner-Sitio-Scuola-Biblioteca.png" />
<meta name="twitter:card" content="summary_large_image" />
<meta name="twitter:label1" content="Tiempo de lectura" />
	<meta name="twitter:data1" content="1 minuto" />
<script type="application/ld+json" class="yoast-schema-graph">{"@context":"https://schema.org","@graph":[{"@type":"WebPage","@id":"https://www.scuola.cl/sivm/alumnos/biblioteca/","url":"https://www.scuola.cl/sivm/alumnos/biblioteca/","name":"BIBLIOTECA - Scuola Italiana","isPartOf":{"@id":"https://www.scuola.cl/sivm/#website"},"primaryImageOfPage":{"@id":"https://www.scuola.cl/sivm/alumnos/biblioteca/#primaryimage"},"image":{"@id":"https://www.scuola.cl/sivm/alumnos/biblioteca/#primaryimage"},"thumbnailUrl":"https://www.scuola.cl/sivm/wp-content/uploads/2020/10/Banner-Sitio-Scuola-Biblioteca.png","datePublished":"2022-04-27T18:44:17+00:00","dateModified":"2022-04-27T19:00:54+00:00","breadcrumb":{"@id":"https://www.scuola.cl/sivm/alumnos/biblioteca/#breadcrumb"},"inLanguage":"es","potentialAction":[{"@type":"ReadAction","target":["https://www.scuola.cl/sivm/alumnos/biblioteca/"]}]},{"@type":"ImageObject","inLanguage":"es","@id":"https://www.scuola.cl/sivm/alumnos/biblioteca/#primaryimage","url":"https://www.scuola.cl/sivm/wp-content/uploads/2020/10/Banner-Sitio-Scuola-Biblioteca.png","contentUrl":"https://www.scuola.cl/sivm/wp-content/uploads/2020/10/Banner-Sitio-Scuola-Biblioteca.png","width":900,"height":190,"caption":"Banner biblioteca"},{"@type":"BreadcrumbList","@id":"https://www.scuola.cl/sivm/alumnos/biblioteca/#breadcrumb","itemListElement":[{"@type":"ListItem","position":1,"name":"Inicio","item":"https://www.scuola.cl/sivm/"},{"@type":"ListItem","position":2,"name":"ALUMNOS","item":"https://www.scuola.cl/sivm/alumnos/"},{"@type":"ListItem","position":3,"name":"BIBLIOTECA"}]},{"@type":"WebSite","@id":"https://www.scuola.cl/sivm/#website","url":"https://www.scuola.cl/sivm/","name":"Scuola Italiana","description":"Vittorio Montiglio","publisher":{"@id":"https://www.scuola.cl/sivm/#organization"},"potentialAction":[{"@type":"SearchAction","target":{"@type":"EntryPoint","urlTemplate":"https://www.scuola.cl/sivm/?s={search_term_string}"},"query-input":{"@type":"PropertyValueSpecification","valueRequired":true,"valueName":"search_term_string"}}],"inLanguage":"es"},{"@type":"Organization","@id":"https://www.scuola.cl/sivm/#organization","name":"Scuola Italiana Vittorio Montiglio","url":"https://www.scuola.cl/sivm/","logo":{"@type":"ImageObject","inLanguage":"es","@id":"https://www.scuola.cl/sivm/#/schema/logo/image/","url":"https://www.scuola.cl/sivm/wp-content/uploads/2019/06/Logo_Scuola-01-001-1000x1000.png","contentUrl":"https://www.scuola.cl/sivm/wp-content/uploads/2019/06/Logo_Scuola-01-001-1000x1000.png","width":1000,"height":1000,"caption":"Scuola Italiana Vittorio Montiglio"},"image":{"@id":"https://www.scuola.cl/sivm/#/schema/logo/image/"}}]}</script>
<!-- / Yoast SEO plugin. -->

Los invitamos a conocer el Sitio Web de nuestra Biblioteca, creado especialmente para que los alumnos y comunidad puedan acceder a diferentes fuentes, con el interés tanto de investigar como de recrearse con la lectura. En él encontrarán los links correspondientes a la Biblioteca Digital Mundial de la Unesco, la Biblioteca Pública Digital, la Biblioteca... Ver artículo
