{"id":125,"date":"2016-09-08T18:35:21","date_gmt":"2016-09-08T21:35:21","guid":{"rendered":"http:\/\/www.scuola.cl\/sivm\/?page_id=125"},"modified":"2022-04-27T16:03:30","modified_gmt":"2022-04-27T19:03:30","slug":"cassetti-dei-lavori","status":"publish","type":"page","link":"https:\/\/www.scuola.cl\/sivm\/alumnos\/cassetti-dei-lavori\/","title":{"rendered":"CASSETTI DEI LAVORI"},"content":{"rendered":"<p style=\"text-align: justify;\">Los invitamos a conocer este espacio dise\u00f1ado para compartir los valiosos e interesantes trabajos que est\u00e1n desarrollando nuestros alumnos en las diferentes asignaturas, durante este per\u00edodo de confinamiento en casa producto de la emergencia sanitaria que estamos viviendo.<\/p>\n<p>Los trabajos publicados, que son seleccionados por los Directores de \u00c1reas y Coordinadores de Departamento, dan cuenta de los contenidos que los alumnos est\u00e1n abordando en las clases a distancia junto con sus profesores.<\/p>\n<p>Para acceder hacer clic en el siguiente banner:<\/p>\n<p><a href=\"https:\/\/sites.google.com\/scuola.cl\/cultura-scuola\" target=\"_blank\" rel=\"noopener\"><img loading=\"lazy\" decoding=\"async\" class=\"alignnone wp-image-15411 size-full\" src=\"https:\/\/www.scuola.cl\/sivm\/wp-content\/uploads\/2021\/05\/cassetti2021.jpg\" alt=\"\" width=\"2559\" height=\"993\" srcset=\"https:\/\/www.scuola.cl\/sivm\/wp-content\/uploads\/2021\/05\/cassetti2021.jpg 2559w, https:\/\/www.scuola.cl\/sivm\/wp-content\/uploads\/2021\/05\/cassetti2021-250x97.jpg 250w, https:\/\/www.scuola.cl\/sivm\/wp-content\/uploads\/2021\/05\/cassetti2021-700x272.jpg 700w, https:\/\/www.scuola.cl\/sivm\/wp-content\/uploads\/2021\/05\/cassetti2021-768x298.jpg 768w, https:\/\/www.scuola.cl\/sivm\/wp-content\/uploads\/2021\/05\/cassetti2021-1536x596.jpg 1536w, https:\/\/www.scuola.cl\/sivm\/wp-content\/uploads\/2021\/05\/cassetti2021-2048x795.jpg 2048w, https:\/\/www.scuola.cl\/sivm\/wp-content\/uploads\/2021\/05\/cassetti2021-120x47.jpg 120w\" sizes=\"auto, (max-width: 2559px) 100vw, 2559px\" \/><\/a><\/p>\n","protected":false},"excerpt":{"rendered":"Los invitamos a conocer este espacio dise\u00f1ado para compartir los valiosos e interesantes trabajos que est\u00e1n desarrollando nuestros alumnos en las diferentes asignaturas, durante este per\u00edodo de confinamiento en casa producto de la emergencia sanitaria que estamos viviendo. Los trabajos publicados, que son seleccionados por los Directores de \u00c1reas y Coordinadores de Departamento, dan cuenta&#8230; <a class=\"view-article\" href=\"https:\/\/www.scuola.cl\/sivm\/alumnos\/cassetti-dei-lavori\/\">Ver art\u00edculo<\/a>","protected":false},"author":1,"featured_media":0,"parent":38,"menu_order":0,"comment_status":"closed","ping_status":"closed","template":"alumnos.php","meta":{"_acf_changed":false,"footnotes":""},"class_list":["post-125","page","type-page","status-publish","hentry"],"acf":[],"yoast_head":"<!-- This site is optimized with the Yoast SEO plugin v27.1.1 - https:\/\/yoast.com\/product\/yoast-seo-wordpress\/ -->\n<title>CASSETTI DEI LAVORI - Scuola Italiana<\/title>\n<meta name=\"robots\" content=\"index, follow, max-snippet:-1, max-image-preview:large, max-video-preview:-1\" \/>\n<link rel=\"canonical\" href=\"https:\/\/www.scuola.cl\/sivm\/alumnos\/cassetti-dei-lavori\/\" \/>\n<meta property=\"og:locale\" content=\"es_ES\" \/>\n<meta property=\"og:type\" content=\"article\" \/>\n<meta property=\"og:title\" content=\"CASSETTI DEI LAVORI - Scuola Italiana\" \/>\n<meta property=\"og:description\" content=\"Los invitamos a conocer este espacio dise\u00f1ado para compartir los valiosos e interesantes trabajos que est\u00e1n desarrollando nuestros alumnos en las diferentes asignaturas, durante este per\u00edodo de confinamiento en casa producto de la emergencia sanitaria que estamos viviendo. Los trabajos publicados, que son seleccionados por los Directores de \u00c1reas y Coordinadores de Departamento, dan cuenta... Ver art\u00edculo\" \/>\n<meta property=\"og:url\" content=\"https:\/\/www.scuola.cl\/sivm\/alumnos\/cassetti-dei-lavori\/\" \/>\n<meta property=\"og:site_name\" content=\"Scuola Italiana\" \/>\n<meta property=\"article:modified_time\" content=\"2022-04-27T19:03:30+00:00\" \/>\n<meta property=\"og:image\" content=\"https:\/\/www.scuola.cl\/sivm\/wp-content\/uploads\/2021\/05\/cassetti2021.jpg\" \/>\n<meta name=\"twitter:card\" content=\"summary_large_image\" \/>\n<meta name=\"twitter:label1\" content=\"Tiempo de lectura\" \/>\n\t<meta name=\"twitter:data1\" content=\"1 minuto\" \/>\n<script type=\"application\/ld+json\" class=\"yoast-schema-graph\">{\"@context\":\"https:\/\/schema.org\",\"@graph\":[{\"@type\":\"WebPage\",\"@id\":\"https:\/\/www.scuola.cl\/sivm\/alumnos\/cassetti-dei-lavori\/\",\"url\":\"https:\/\/www.scuola.cl\/sivm\/alumnos\/cassetti-dei-lavori\/\",\"name\":\"CASSETTI DEI LAVORI - Scuola Italiana\",\"isPartOf\":{\"@id\":\"https:\/\/www.scuola.cl\/sivm\/#website\"},\"primaryImageOfPage\":{\"@id\":\"https:\/\/www.scuola.cl\/sivm\/alumnos\/cassetti-dei-lavori\/#primaryimage\"},\"image\":{\"@id\":\"https:\/\/www.scuola.cl\/sivm\/alumnos\/cassetti-dei-lavori\/#primaryimage\"},\"thumbnailUrl\":\"https:\/\/www.scuola.cl\/sivm\/wp-content\/uploads\/2021\/05\/cassetti2021.jpg\",\"datePublished\":\"2016-09-08T21:35:21+00:00\",\"dateModified\":\"2022-04-27T19:03:30+00:00\",\"breadcrumb\":{\"@id\":\"https:\/\/www.scuola.cl\/sivm\/alumnos\/cassetti-dei-lavori\/#breadcrumb\"},\"inLanguage\":\"es\",\"potentialAction\":[{\"@type\":\"ReadAction\",\"target\":[\"https:\/\/www.scuola.cl\/sivm\/alumnos\/cassetti-dei-lavori\/\"]}]},{\"@type\":\"ImageObject\",\"inLanguage\":\"es\",\"@id\":\"https:\/\/www.scuola.cl\/sivm\/alumnos\/cassetti-dei-lavori\/#primaryimage\",\"url\":\"https:\/\/www.scuola.cl\/sivm\/wp-content\/uploads\/2021\/05\/cassetti2021.jpg\",\"contentUrl\":\"https:\/\/www.scuola.cl\/sivm\/wp-content\/uploads\/2021\/05\/cassetti2021.jpg\",\"width\":2559,\"height\":993},{\"@type\":\"BreadcrumbList\",\"@id\":\"https:\/\/www.scuola.cl\/sivm\/alumnos\/cassetti-dei-lavori\/#breadcrumb\",\"itemListElement\":[{\"@type\":\"ListItem\",\"position\":1,\"name\":\"Inicio\",\"item\":\"https:\/\/www.scuola.cl\/sivm\/\"},{\"@type\":\"ListItem\",\"position\":2,\"name\":\"ALUMNOS\",\"item\":\"https:\/\/www.scuola.cl\/sivm\/alumnos\/\"},{\"@type\":\"ListItem\",\"position\":3,\"name\":\"CASSETTI DEI LAVORI\"}]},{\"@type\":\"WebSite\",\"@id\":\"https:\/\/www.scuola.cl\/sivm\/#website\",\"url\":\"https:\/\/www.scuola.cl\/sivm\/\",\"name\":\"Scuola Italiana\",\"description\":\"Vittorio Montiglio\",\"publisher\":{\"@id\":\"https:\/\/www.scuola.cl\/sivm\/#organization\"},\"potentialAction\":[{\"@type\":\"SearchAction\",\"target\":{\"@type\":\"EntryPoint\",\"urlTemplate\":\"https:\/\/www.scuola.cl\/sivm\/?s={search_term_string}\"},\"query-input\":{\"@type\":\"PropertyValueSpecification\",\"valueRequired\":true,\"valueName\":\"search_term_string\"}}],\"inLanguage\":\"es\"},{\"@type\":\"Organization\",\"@id\":\"https:\/\/www.scuola.cl\/sivm\/#organization\",\"name\":\"Scuola Italiana Vittorio Montiglio\",\"url\":\"https:\/\/www.scuola.cl\/sivm\/\",\"logo\":{\"@type\":\"ImageObject\",\"inLanguage\":\"es\",\"@id\":\"https:\/\/www.scuola.cl\/sivm\/#\/schema\/logo\/image\/\",\"url\":\"https:\/\/www.scuola.cl\/sivm\/wp-content\/uploads\/2019\/06\/Logo_Scuola-01-001-1000x1000.png\",\"contentUrl\":\"https:\/\/www.scuola.cl\/sivm\/wp-content\/uploads\/2019\/06\/Logo_Scuola-01-001-1000x1000.png\",\"width\":1000,\"height\":1000,\"caption\":\"Scuola Italiana Vittorio Montiglio\"},\"image\":{\"@id\":\"https:\/\/www.scuola.cl\/sivm\/#\/schema\/logo\/image\/\"}}]}<\/script>\n<!-- \/ Yoast SEO plugin. -->","yoast_head_json":{"title":"CASSETTI DEI LAVORI - Scuola Italiana","robots":{"index":"index","follow":"follow","max-snippet":"max-snippet:-1","max-image-preview":"max-image-preview:large","max-video-preview":"max-video-preview:-1"},"canonical":"https:\/\/www.scuola.cl\/sivm\/alumnos\/cassetti-dei-lavori\/","og_locale":"es_ES","og_type":"article","og_title":"CASSETTI DEI LAVORI - Scuola Italiana","og_description":"Los invitamos a conocer este espacio dise\u00f1ado para compartir los valiosos e interesantes trabajos que est\u00e1n desarrollando nuestros alumnos en las diferentes asignaturas, durante este per\u00edodo de confinamiento en casa producto de la emergencia sanitaria que estamos viviendo. Los trabajos publicados, que son seleccionados por los Directores de \u00c1reas y Coordinadores de Departamento, dan cuenta... Ver art\u00edculo","og_url":"https:\/\/www.scuola.cl\/sivm\/alumnos\/cassetti-dei-lavori\/","og_site_name":"Scuola Italiana","article_modified_time":"2022-04-27T19:03:30+00:00","og_image":[{"url":"https:\/\/www.scuola.cl\/sivm\/wp-content\/uploads\/2021\/05\/cassetti2021.jpg","type":"","width":"","height":""}],"twitter_card":"summary_large_image","twitter_misc":{"Tiempo de lectura":"1 minuto"},"schema":{"@context":"https:\/\/schema.org","@graph":[{"@type":"WebPage","@id":"https:\/\/www.scuola.cl\/sivm\/alumnos\/cassetti-dei-lavori\/","url":"https:\/\/www.scuola.cl\/sivm\/alumnos\/cassetti-dei-lavori\/","name":"CASSETTI DEI LAVORI - Scuola Italiana","isPartOf":{"@id":"https:\/\/www.scuola.cl\/sivm\/#website"},"primaryImageOfPage":{"@id":"https:\/\/www.scuola.cl\/sivm\/alumnos\/cassetti-dei-lavori\/#primaryimage"},"image":{"@id":"https:\/\/www.scuola.cl\/sivm\/alumnos\/cassetti-dei-lavori\/#primaryimage"},"thumbnailUrl":"https:\/\/www.scuola.cl\/sivm\/wp-content\/uploads\/2021\/05\/cassetti2021.jpg","datePublished":"2016-09-08T21:35:21+00:00","dateModified":"2022-04-27T19:03:30+00:00","breadcrumb":{"@id":"https:\/\/www.scuola.cl\/sivm\/alumnos\/cassetti-dei-lavori\/#breadcrumb"},"inLanguage":"es","potentialAction":[{"@type":"ReadAction","target":["https:\/\/www.scuola.cl\/sivm\/alumnos\/cassetti-dei-lavori\/"]}]},{"@type":"ImageObject","inLanguage":"es","@id":"https:\/\/www.scuola.cl\/sivm\/alumnos\/cassetti-dei-lavori\/#primaryimage","url":"https:\/\/www.scuola.cl\/sivm\/wp-content\/uploads\/2021\/05\/cassetti2021.jpg","contentUrl":"https:\/\/www.scuola.cl\/sivm\/wp-content\/uploads\/2021\/05\/cassetti2021.jpg","width":2559,"height":993},{"@type":"BreadcrumbList","@id":"https:\/\/www.scuola.cl\/sivm\/alumnos\/cassetti-dei-lavori\/#breadcrumb","itemListElement":[{"@type":"ListItem","position":1,"name":"Inicio","item":"https:\/\/www.scuola.cl\/sivm\/"},{"@type":"ListItem","position":2,"name":"ALUMNOS","item":"https:\/\/www.scuola.cl\/sivm\/alumnos\/"},{"@type":"ListItem","position":3,"name":"CASSETTI DEI LAVORI"}]},{"@type":"WebSite","@id":"https:\/\/www.scuola.cl\/sivm\/#website","url":"https:\/\/www.scuola.cl\/sivm\/","name":"Scuola Italiana","description":"Vittorio Montiglio","publisher":{"@id":"https:\/\/www.scuola.cl\/sivm\/#organization"},"potentialAction":[{"@type":"SearchAction","target":{"@type":"EntryPoint","urlTemplate":"https:\/\/www.scuola.cl\/sivm\/?s={search_term_string}"},"query-input":{"@type":"PropertyValueSpecification","valueRequired":true,"valueName":"search_term_string"}}],"inLanguage":"es"},{"@type":"Organization","@id":"https:\/\/www.scuola.cl\/sivm\/#organization","name":"Scuola Italiana Vittorio Montiglio","url":"https:\/\/www.scuola.cl\/sivm\/","logo":{"@type":"ImageObject","inLanguage":"es","@id":"https:\/\/www.scuola.cl\/sivm\/#\/schema\/logo\/image\/","url":"https:\/\/www.scuola.cl\/sivm\/wp-content\/uploads\/2019\/06\/Logo_Scuola-01-001-1000x1000.png","contentUrl":"https:\/\/www.scuola.cl\/sivm\/wp-content\/uploads\/2019\/06\/Logo_Scuola-01-001-1000x1000.png","width":1000,"height":1000,"caption":"Scuola Italiana Vittorio Montiglio"},"image":{"@id":"https:\/\/www.scuola.cl\/sivm\/#\/schema\/logo\/image\/"}}]}},"_links":{"self":[{"href":"https:\/\/www.scuola.cl\/sivm\/wp-json\/wp\/v2\/pages\/125","targetHints":{"allow":["GET"]}}],"collection":[{"href":"https:\/\/www.scuola.cl\/sivm\/wp-json\/wp\/v2\/pages"}],"about":[{"href":"https:\/\/www.scuola.cl\/sivm\/wp-json\/wp\/v2\/types\/page"}],"author":[{"embeddable":true,"href":"https:\/\/www.scuola.cl\/sivm\/wp-json\/wp\/v2\/users\/1"}],"replies":[{"embeddable":true,"href":"https:\/\/www.scuola.cl\/sivm\/wp-json\/wp\/v2\/comments?post=125"}],"version-history":[{"count":54,"href":"https:\/\/www.scuola.cl\/sivm\/wp-json\/wp\/v2\/pages\/125\/revisions"}],"predecessor-version":[{"id":17896,"href":"https:\/\/www.scuola.cl\/sivm\/wp-json\/wp\/v2\/pages\/125\/revisions\/17896"}],"up":[{"embeddable":true,"href":"https:\/\/www.scuola.cl\/sivm\/wp-json\/wp\/v2\/pages\/38"}],"wp:attachment":[{"href":"https:\/\/www.scuola.cl\/sivm\/wp-json\/wp\/v2\/media?parent=125"}],"curies":[{"name":"wp","href":"https:\/\/api.w.org\/{rel}","templated":true}]}}

<p style="text-align: justify;">Los invitamos a conocer este espacio diseñado para compartir los valiosos e interesantes trabajos que están desarrollando nuestros alumnos en las diferentes asignaturas, durante este período de confinamiento en casa producto de la emergencia sanitaria que estamos viviendo.</p>
<p>Los trabajos publicados, que son seleccionados por los Directores de Áreas y Coordinadores de Departamento, dan cuenta de los contenidos que los alumnos están abordando en las clases a distancia junto con sus profesores.</p>
<p>Para acceder hacer clic en el siguiente banner:</p>
<p><a href="https://sites.google.com/scuola.cl/cultura-scuola" target="_blank" rel="noopener"><img loading="lazy" decoding="async" class="alignnone wp-image-15411 size-full" src="https://www.scuola.cl/sivm/wp-content/uploads/2021/05/cassetti2021.jpg" alt="" width="2559" height="993" srcset="https://www.scuola.cl/sivm/wp-content/uploads/2021/05/cassetti2021.jpg 2559w, https://www.scuola.cl/sivm/wp-content/uploads/2021/05/cassetti2021-250x97.jpg 250w, https://www.scuola.cl/sivm/wp-content/uploads/2021/05/cassetti2021-700x272.jpg 700w, https://www.scuola.cl/sivm/wp-content/uploads/2021/05/cassetti2021-768x298.jpg 768w, https://www.scuola.cl/sivm/wp-content/uploads/2021/05/cassetti2021-1536x596.jpg 1536w, https://www.scuola.cl/sivm/wp-content/uploads/2021/05/cassetti2021-2048x795.jpg 2048w, https://www.scuola.cl/sivm/wp-content/uploads/2021/05/cassetti2021-120x47.jpg 120w" sizes="auto, (max-width: 2559px) 100vw, 2559px" /></a></p>

Los invitamos a conocer este espacio diseñado para compartir los valiosos e interesantes trabajos que están desarrollando nuestros alumnos en las diferentes asignaturas, durante este período de confinamiento en casa producto de la emergencia sanitaria que estamos viviendo. Los trabajos publicados, que son seleccionados por los Directores de Áreas y Coordinadores de Departamento, dan cuenta&#8230; <a class="view-article" href="https://www.scuola.cl/sivm/alumnos/cassetti-dei-lavori/">Ver artículo</a>

<!-- This site is optimized with the Yoast SEO plugin v27.1.1 - https://yoast.com/product/yoast-seo-wordpress/ -->
<title>CASSETTI DEI LAVORI - Scuola Italiana</title>
<meta name="robots" content="index, follow, max-snippet:-1, max-image-preview:large, max-video-preview:-1" />
<link rel="canonical" href="https://www.scuola.cl/sivm/alumnos/cassetti-dei-lavori/" />
<meta property="og:locale" content="es_ES" />
<meta property="og:type" content="article" />
<meta property="og:title" content="CASSETTI DEI LAVORI - Scuola Italiana" />
<meta property="og:description" content="Los invitamos a conocer este espacio diseñado para compartir los valiosos e interesantes trabajos que están desarrollando nuestros alumnos en las diferentes asignaturas, durante este período de confinamiento en casa producto de la emergencia sanitaria que estamos viviendo. Los trabajos publicados, que son seleccionados por los Directores de Áreas y Coordinadores de Departamento, dan cuenta... Ver artículo" />
<meta property="og:url" content="https://www.scuola.cl/sivm/alumnos/cassetti-dei-lavori/" />
<meta property="og:site_name" content="Scuola Italiana" />
<meta property="article:modified_time" content="2022-04-27T19:03:30+00:00" />
<meta property="og:image" content="https://www.scuola.cl/sivm/wp-content/uploads/2021/05/cassetti2021.jpg" />
<meta name="twitter:card" content="summary_large_image" />
<meta name="twitter:label1" content="Tiempo de lectura" />
	<meta name="twitter:data1" content="1 minuto" />
<script type="application/ld+json" class="yoast-schema-graph">{"@context":"https://schema.org","@graph":[{"@type":"WebPage","@id":"https://www.scuola.cl/sivm/alumnos/cassetti-dei-lavori/","url":"https://www.scuola.cl/sivm/alumnos/cassetti-dei-lavori/","name":"CASSETTI DEI LAVORI - Scuola Italiana","isPartOf":{"@id":"https://www.scuola.cl/sivm/#website"},"primaryImageOfPage":{"@id":"https://www.scuola.cl/sivm/alumnos/cassetti-dei-lavori/#primaryimage"},"image":{"@id":"https://www.scuola.cl/sivm/alumnos/cassetti-dei-lavori/#primaryimage"},"thumbnailUrl":"https://www.scuola.cl/sivm/wp-content/uploads/2021/05/cassetti2021.jpg","datePublished":"2016-09-08T21:35:21+00:00","dateModified":"2022-04-27T19:03:30+00:00","breadcrumb":{"@id":"https://www.scuola.cl/sivm/alumnos/cassetti-dei-lavori/#breadcrumb"},"inLanguage":"es","potentialAction":[{"@type":"ReadAction","target":["https://www.scuola.cl/sivm/alumnos/cassetti-dei-lavori/"]}]},{"@type":"ImageObject","inLanguage":"es","@id":"https://www.scuola.cl/sivm/alumnos/cassetti-dei-lavori/#primaryimage","url":"https://www.scuola.cl/sivm/wp-content/uploads/2021/05/cassetti2021.jpg","contentUrl":"https://www.scuola.cl/sivm/wp-content/uploads/2021/05/cassetti2021.jpg","width":2559,"height":993},{"@type":"BreadcrumbList","@id":"https://www.scuola.cl/sivm/alumnos/cassetti-dei-lavori/#breadcrumb","itemListElement":[{"@type":"ListItem","position":1,"name":"Inicio","item":"https://www.scuola.cl/sivm/"},{"@type":"ListItem","position":2,"name":"ALUMNOS","item":"https://www.scuola.cl/sivm/alumnos/"},{"@type":"ListItem","position":3,"name":"CASSETTI DEI LAVORI"}]},{"@type":"WebSite","@id":"https://www.scuola.cl/sivm/#website","url":"https://www.scuola.cl/sivm/","name":"Scuola Italiana","description":"Vittorio Montiglio","publisher":{"@id":"https://www.scuola.cl/sivm/#organization"},"potentialAction":[{"@type":"SearchAction","target":{"@type":"EntryPoint","urlTemplate":"https://www.scuola.cl/sivm/?s={search_term_string}"},"query-input":{"@type":"PropertyValueSpecification","valueRequired":true,"valueName":"search_term_string"}}],"inLanguage":"es"},{"@type":"Organization","@id":"https://www.scuola.cl/sivm/#organization","name":"Scuola Italiana Vittorio Montiglio","url":"https://www.scuola.cl/sivm/","logo":{"@type":"ImageObject","inLanguage":"es","@id":"https://www.scuola.cl/sivm/#/schema/logo/image/","url":"https://www.scuola.cl/sivm/wp-content/uploads/2019/06/Logo_Scuola-01-001-1000x1000.png","contentUrl":"https://www.scuola.cl/sivm/wp-content/uploads/2019/06/Logo_Scuola-01-001-1000x1000.png","width":1000,"height":1000,"caption":"Scuola Italiana Vittorio Montiglio"},"image":{"@id":"https://www.scuola.cl/sivm/#/schema/logo/image/"}}]}</script>
<!-- / Yoast SEO plugin. -->

Los invitamos a conocer este espacio diseñado para compartir los valiosos e interesantes trabajos que están desarrollando nuestros alumnos en las diferentes asignaturas, durante este período de confinamiento en casa producto de la emergencia sanitaria que estamos viviendo. Los trabajos publicados, que son seleccionados por los Directores de Áreas y Coordinadores de Departamento, dan cuenta... Ver artículo
