{"id":111,"date":"2016-09-08T18:28:29","date_gmt":"2016-09-08T18:28:29","guid":{"rendered":"http:\/\/www.scuola.cl\/sivm\/?page_id=111"},"modified":"2026-04-10T16:43:17","modified_gmt":"2026-04-10T19:43:17","slug":"documentos","status":"publish","type":"page","link":"https:\/\/www.scuola.cl\/sivm\/apoderados\/documentos\/","title":{"rendered":"Documenti Importanti"},"content":{"rendered":"<div class=\"lightweight-accordion\"><details><summary class=\"lightweight-accordion-title\"><span>Reglamentos \/ Regolamenti<\/span><\/summary><div class=\"lightweight-accordion-body\"><p><a href=\"https:\/\/www.scuola.cl\/sivm\/wp-content\/uploads\/2026\/04\/RIE-SIVM.pdf\" target=\"_blank\" rel=\"noopener\">Reglamento Interno Escolar\u00a0<\/a><\/p>\n<p><a href=\"https:\/\/www.scuola.cl\/sivm\/wp-content\/uploads\/2026\/04\/Reglamento-de-Evaluacion-y-Promocion-SIVM-2026.pdf\" target=\"_blank\" rel=\"noopener\">Reglamento de Evaluaci\u00f3n y Promoci\u00f3n<\/a>\u00a0<\/p>\n<p><a href=\"https:\/\/www.scuola.cl\/sivm\/wp-content\/uploads\/2020\/11\/Reglamento-Tutor-Economico-v.nov20.pdf\" target=\"_blank\" rel=\"noopener noreferrer\">Reglamento Tutor Econ\u00f3mico<\/a><\/p>\n<p><a href=\"http:\/\/www.scuola.cl\/sivm\/wp-content\/uploads\/2019\/04\/REGLAMENTO-CONTINUIDAD-ESCOLAR-23_04_2019.pdf\" target=\"_blank\" rel=\"noopener noreferrer\">Reglamento Beca Continuidad Escolar<\/a><\/p>\n<p><a href=\"https:\/\/www.scuola.cl\/sivm\/wp-content\/uploads\/2025\/10\/REGLAMENTO-BECA-POR-DIFICIL-SITUACION-ECONOMICA-2025.pdf\" target=\"_blank\" rel=\"noopener\">Reglamento Beca por Dif\u00edcil Situaci\u00f3n Econ\u00f3mica<\/a><\/p>\n<p><a href=\"https:\/\/www.scuola.cl\/sivm\/wp-content\/uploads\/2025\/10\/Programa-de-Atencion-a-la-Diversidad-Oct.-2025.pdf\" target=\"_blank\" rel=\"noopener\">Programa de Atenci\u00f3n a la Diversidad\u00a0\u00a0<\/a> \/ <a href=\"https:\/\/www.scuola.cl\/sivm\/wp-content\/uploads\/2025\/10\/Programma-Annuale-di-Inclusione-2025.pdf\" target=\"_blank\" rel=\"noopener\">Programma Annuale di Inclusione<\/a><\/p>\n<p><a href=\"https:\/\/www.scuola.cl\/sivm\/wp-content\/uploads\/2024\/04\/Anexo-10.-REGLAMENTO-VIAGGIO-IN-ITALIA-2024.pdf\" target=\"_blank\" rel=\"noopener\">Reglamento Viaje a Italia (Anexo 10 RIE)<\/a><\/p>\n<p><a href=\"https:\/\/www.scuola.cl\/sivm\/wp-content\/uploads\/2025\/10\/Reglamento-de-Intercambios-2025.pdf\" target=\"_blank\" rel=\"noopener\">Reglamento de Intercambios<\/a><\/p>\n<p><a href=\"https:\/\/www.scuola.cl\/sivm\/wp-content\/uploads\/2023\/10\/Reglamento-Unidad-de-Enfermeria-oct-2023.pdf\" target=\"_blank\" rel=\"noopener\">Reglamento Unidad de Enfermer\u00eda\u00a0 \u00a0<\/a> \u00a0\/\u00a0 <a href=\"https:\/\/www.scuola.cl\/sivm\/wp-content\/uploads\/2025\/12\/Regolamento-Unita-diInfermieria.pdf\" target=\"_blank\" rel=\"noopener\">Regolamento Unit\u00e0 di Infermieria<\/a><\/p>\n<p><a style=\"font-size: revert;\" href=\"https:\/\/www.scuola.cl\/sivm\/wp-content\/uploads\/2024\/07\/Plan-de-Gestion-Convivencia-Escolar-2024.pdf\" target=\"_blank\" rel=\"noopener\">Plan de Gesti\u00f3n Convivencia Escolar<\/a><\/p>\n<p><a href=\"http:\/\/www.scuola.cl\/sivm\/wp-content\/uploads\/2020\/05\/normativa-virtual.pdf\" target=\"_blank\" rel=\"noopener noreferrer\">Normativa Virtual<\/a><\/p>\n<\/div><\/details><\/div>\n<div class=\"lightweight-accordion\"><details><summary class=\"lightweight-accordion-title\"><span>Protocolos \/ Protocolli Scolastici<\/span><\/summary><div class=\"lightweight-accordion-body\"><p><a href=\"https:\/\/www.scuola.cl\/sivm\/wp-content\/uploads\/2023\/11\/Protocolo-traslado-y-derivacion-OCTUBRE-2023.pdf\" target=\"_blank\" rel=\"noopener\">Protocolo Traslado y Derivaci\u00f3n Enfermer\u00eda\u00a0<\/a><\/p>\n<p><a href=\"https:\/\/www.scuola.cl\/sivm\/wp-content\/uploads\/2022\/09\/Protocolo-Biblioteca-2022.pdf\" target=\"_blank\" rel=\"noopener\">Protocolo Biblioteca<\/a><\/p>\n<p><a href=\"https:\/\/www.scuola.cl\/sivm\/wp-content\/uploads\/2025\/01\/Protocolo-Admision-Enero-2025.pdf\" target=\"_blank\" rel=\"noopener noreferrer\">Protocolo Admisi\u00f3n<\/a><\/p>\n<p><a style=\"font-size: revert;\" href=\"https:\/\/www.scuola.cl\/sivm\/wp-content\/uploads\/2021\/03\/Protocolo-Clases-on-line.pdf\">Protocolo Clases online<\/a><\/p>\n<p><a href=\"http:\/\/www.scuola.cl\/sivm\/wp-content\/uploads\/2016\/09\/PROTOCOLO-AYUDA-V\u00cdCTIMAS-CAT\u00c1STROFES.pdf\">Procedimiento Ayuda a V\u00edctimas de Cat\u00e1strofes<\/a><\/p>\n<p><a href=\"https:\/\/www.scuola.cl\/sivm\/wp-content\/uploads\/2025\/12\/Directrices-para-la-solicitud-y-gestion-de-cambios-de-curso.pdf\" target=\"_blank\" rel=\"noopener\">Directrices para la solicitud y gesti\u00f3n de cambios de curso<\/a><\/p>\n<\/div><\/details><\/div>\n<div class=\"lightweight-accordion\"><details><summary class=\"lightweight-accordion-title\"><span>Convivencia Escolar \/ Convivenza Scolastica<\/span><\/summary><div class=\"lightweight-accordion-body\"><p><a href=\"https:\/\/www.scuola.cl\/sivm\/wp-content\/uploads\/2025\/04\/PLAN-GESTION-CE-2025.pdf\" target=\"_blank\" rel=\"noopener\">Plan de Gesti\u00f3n 2025<\/a><\/p>\n<\/div><\/details><\/div>\n<div class=\"lightweight-accordion\"><details><summary class=\"lightweight-accordion-title\"><span>Contrato \/ Patto di Corresponsabilit\u00e0 Educativa<\/span><\/summary><div class=\"lightweight-accordion-body\"><p><a href=\"https:\/\/drive.google.com\/file\/d\/1w6o5Ktvt52aSErFpQyTeuM1jyDHg31Wk\/view?usp=sharing\" target=\"_blank\" rel=\"noopener noreferrer\">Contrato de Matr\u00edcula y Servicios Educacionales 2026\u00a0<\/a> \/ <a href=\"https:\/\/www.scuola.cl\/sivm\/wp-content\/uploads\/2025\/10\/Patto-di-Corresponsabilita-Educativa-Contrato.pdf\" target=\"_blank\" rel=\"noopener\">Patto di Corresponsabilit\u00e0 Educativa<\/a><\/p>\n<\/div><\/details><\/div>\n<div class=\"lightweight-accordion\"><details><summary class=\"lightweight-accordion-title\"><span>Unidades de Aprendizaje \/ Percorsi di Apprendimento<\/span><\/summary><div class=\"lightweight-accordion-body\"><p><a href=\"https:\/\/www.scuola.cl\/sivm\/wp-content\/uploads\/2023\/05\/Marco-pedagogico.pdf\" target=\"_blank\" rel=\"noopener\">Marco Pedag\u00f3gico<\/a><\/p>\n<p><a href=\"https:\/\/www.scuola.cl\/sivm\/wp-content\/uploads\/2023\/05\/Marco-teorico-de-las-lenguas.pdf\" target=\"_blank\" rel=\"noopener\">Marco te\u00f3rico de las lenguas<\/a><\/p>\n<p><a href=\"https:\/\/www.scuola.cl\/sivm\/wp-content\/uploads\/2025\/04\/TEMARIO-2025-Orientacion.pdf\" target=\"_blank\" rel=\"noopener\">Temario Orientaci\u00f3n<\/a><\/p>\n<p><a href=\"https:\/\/www.scuola.cl\/sivm\/wp-content\/uploads\/2025\/07\/TEMARIO-2025-Ciencias-julio.pdf\" target=\"_blank\" rel=\"noopener\">Temario Ciencias<\/a><\/p>\n<p><a href=\"https:\/\/www.scuola.cl\/sivm\/wp-content\/uploads\/2025\/04\/TEMARIO-2025-Italiano.pdf\" target=\"_blank\" rel=\"noopener\">Temario Italiano<\/a><\/p>\n<p><a href=\"https:\/\/www.scuola.cl\/sivm\/wp-content\/uploads\/2025\/04\/TEMARIO-2025-Lenguaje.pdf\" target=\"_blank\" rel=\"noopener\">Temario Lenguaje<\/a><\/p>\n<p><a href=\"https:\/\/www.scuola.cl\/sivm\/wp-content\/uploads\/2025\/04\/TEMARIO-2025-Matematica.pdf\" target=\"_blank\" rel=\"noopener\">Temario Matem\u00e1ticas\u00a0<\/a><\/p>\n<p><a href=\"https:\/\/www.scuola.cl\/sivm\/wp-content\/uploads\/2025\/04\/TEMARIO-2025-Ingles.pdf\" target=\"_blank\" rel=\"noopener\">Temario Ingl\u00e9s<\/a><\/p>\n<p><a href=\"https:\/\/www.scuola.cl\/sivm\/wp-content\/uploads\/2025\/04\/TEMARIO-2025-Storia.pdf\" target=\"_blank\" rel=\"noopener\">Temario Storia<\/a><\/p>\n<p><a href=\"https:\/\/www.scuola.cl\/sivm\/wp-content\/uploads\/2025\/04\/TEMARIO-2025-Historia-Ciudadania-5-a-IV.pdf\" target=\"_blank\" rel=\"noopener\">Temario Historia -Ciudadan\u00eda (5 B\u00e1sico a IV Medio)<\/a><\/p>\n<p><a href=\"https:\/\/www.scuola.cl\/sivm\/wp-content\/uploads\/2025\/04\/TEMARIO-2025-Filosofia.pdf\" target=\"_blank\" rel=\"noopener\">Temario Filosof\u00eda<\/a><\/p>\n<p><a href=\"https:\/\/www.scuola.cl\/sivm\/wp-content\/uploads\/2025\/04\/TEMARIO-2025-Fisica.pdf\" target=\"_blank\" rel=\"noopener\">Temario F\u00edsica<\/a><\/p>\n<p><a href=\"https:\/\/www.scuola.cl\/sivm\/wp-content\/uploads\/2025\/04\/TEMARIO-2025-Tecnologia.pdf\" target=\"_blank\" rel=\"noopener\">Temario Tecnolog\u00eda<\/a><\/p>\n<p><a href=\"https:\/\/www.scuola.cl\/sivm\/wp-content\/uploads\/2025\/04\/TEMARIO-2025-Arte.pdf\" target=\"_blank\" rel=\"noopener\">Temario Arte<\/a><\/p>\n<p><a href=\"https:\/\/www.scuola.cl\/sivm\/wp-content\/uploads\/2025\/04\/TEMARIO-2025-Musica.pdf\" target=\"_blank\" rel=\"noopener\">Temario M\u00fasica<\/a><\/p>\n<p><a href=\"https:\/\/www.scuola.cl\/sivm\/wp-content\/uploads\/2025\/04\/TEMARIO-2025-Educacion-Fisica.pdf\" target=\"_blank\" rel=\"noopener\">Temario Educaci\u00f3n F\u00edsica y Salud\u00a0<\/a><\/p>\n<\/div><\/details><\/div>\n<div class=\"lightweight-accordion\"><details><summary class=\"lightweight-accordion-title\"><span>Plan Integral de Seguridad Escolar (PISE)<\/span><\/summary><div class=\"lightweight-accordion-body\"><p><span style=\"font-size: revert; color: initial;\">A contar del a\u00f1o 2011 el colegio cuenta dentro de su personal con un Prevencionista de Riesgo, el cual ha tenido la responsabilidad de generar los procedimientos de seguridad del Colegio y de disminuir las condiciones de riesgo que se puedan presentar dentro de un establecimiento de\u00a0 la extensi\u00f3n de la Scuola Italiana.<\/span><\/p>\n<div class=\"contenido\">\n<div class=\"texto\">\n<p>Se elabor\u00f3 un Plan Integral de Emergencias que establece los procedimientos para distintos tipos de alerta, tales como incendios, fugas de gas, accidentes graves, amenazas de bomba, nevadas, aluviones y sismos. Durante el presente a\u00f1o (2026), este plan fue actualizado y pas\u00f3 a denominarse Plan Integral de Seguridad Escolar (PISE).<\/p>\n<p><a href=\"https:\/\/drive.google.com\/file\/d\/157o2uziQoi4tBH77pfDFSp_mY6XfsL5T\/view?usp=sharing\" target=\"_blank\" rel=\"noopener\">Descargar Plan Integral de Seguridad Escolar (PISE)<\/a><\/p>\n<p>Ver video<\/p>\n<p><strong>\u201cEl \u00e9xito de una evacuaci\u00f3n est\u00e1 dado por la informaci\u00f3n y los entrenamientos\u201d.<\/strong><\/p>\n<\/div>\n<div class=\"texto\">\n<\/div>\n<\/div>\n<\/div><\/details><\/div>\n<div class=\"lightweight-accordion\"><details><summary class=\"lightweight-accordion-title\"><span> Formularios de salida anticipada \/ Moduli di uscita anticipata<\/span><\/summary><div class=\"lightweight-accordion-body\"><p>Conducto regular de salida anticipada del colegio antes del t\u00e9rmino de la jornada:<\/p>\n<p>1- Completar formulario correspondiente (seg\u00fan ciclo):<\/p>\n<p><a href=\"https:\/\/docs.google.com\/forms\/d\/e\/1FAIpQLSdyzj9kxGh6zH3jhQb9AKmG9GYCmRniSnvA5_TrXyE9E7DVvA\/viewform\" target=\"_blank\" rel=\"noopener\">Scuola Primaria<\/a><\/p>\n<p><a href=\"https:\/\/docs.google.com\/forms\/d\/e\/1FAIpQLSd_hCzV1rv3cOabXsuMPgjhuSanzPIJB0NIiTIX6s1YC7KnMw\/viewform\" target=\"_blank\" rel=\"noopener\">Scuola Media Inferior<\/a><\/p>\n<p><a href=\"https:\/\/docs.google.com\/forms\/d\/e\/1FAIpQLSdN6u9IqOI6kdel05Ob_WQFaPYUmJeRZ9hfe7fWD-RXAhUB4A\/viewform\" target=\"_blank\" rel=\"noopener\">Scuola Media Superior<\/a><\/p>\n<p>(Enviar el formulario <span style=\"text-decoration: underline;\">el mismo d\u00eda de la salida<\/span> y completar <span style=\"text-decoration: underline;\">uno por cada estudiante)<\/span>.<\/p>\n<p>2- Firmar el Libro de salidas en Segreteria Scolastica (antes de retirar a su hijo\/a).<\/p>\n<p>La salida anticipada se debe realizar en los horarios de recreo, es decir:<\/p>\n<ul style=\"list-style-type: circle;\">\n<li>9:30 a 9:45 Hrs.<\/li>\n<li>11:15 a 11:30 Hrs.<\/li>\n<li>13:00 a 13:45 Hrs. (Primaria)<\/li>\n<li>13:45 a 14:30 Hrs. (Inferior y Superior)<\/li>\n<\/ul>\n<\/div><\/details><\/div>\n<\/div>\n<div class=\"lightweight-accordion\"><details><summary class=\"lightweight-accordion-title\"><span> Formulario de Denuncias \/Modulo di Segnalazione<\/span><\/summary><div class=\"lightweight-accordion-body\"><p><a href=\"https:\/\/forms.gle\/cEDdm5fA4W4W5NGq9\" target=\"_blank\" rel=\"noopener\">Formulario de Denuncias<\/a><\/p>\n<p><a href=\"https:\/\/www.scuola.cl\/sivm\/wp-content\/uploads\/2025\/09\/Politica-General-de-Prevencion-de-Riesgos-y-Delitos-v1.1.pdf\" target=\"_blank\" rel=\"noopener\">Pol\u00edtica General de Prevenci\u00f3n de Riegos y Delitos<\/a><\/p>\n<\/div><\/details><\/div>\n<\/div>\n\n","protected":false},"excerpt":{"rendered":"","protected":false},"author":1,"featured_media":0,"parent":180,"menu_order":0,"comment_status":"closed","ping_status":"closed","template":"apoderados.php","meta":{"_acf_changed":false,"footnotes":""},"class_list":["post-111","page","type-page","status-publish","hentry"],"acf":[],"yoast_head":"<!-- This site is optimized with the Yoast SEO plugin v27.1.1 - https:\/\/yoast.com\/product\/yoast-seo-wordpress\/ -->\n<title>Documenti Importanti - Scuola Italiana<\/title>\n<meta name=\"robots\" content=\"index, follow, max-snippet:-1, max-image-preview:large, max-video-preview:-1\" \/>\n<link rel=\"canonical\" href=\"https:\/\/www.scuola.cl\/sivm\/apoderados\/documentos\/\" \/>\n<meta property=\"og:locale\" content=\"es_ES\" \/>\n<meta property=\"og:type\" content=\"article\" \/>\n<meta property=\"og:title\" content=\"Documenti Importanti - Scuola Italiana\" \/>\n<meta property=\"og:url\" content=\"https:\/\/www.scuola.cl\/sivm\/apoderados\/documentos\/\" \/>\n<meta property=\"og:site_name\" content=\"Scuola Italiana\" \/>\n<meta property=\"article:modified_time\" content=\"2026-04-10T19:43:17+00:00\" \/>\n<meta name=\"twitter:card\" content=\"summary_large_image\" \/>\n<meta name=\"twitter:label1\" content=\"Tiempo de lectura\" \/>\n\t<meta name=\"twitter:data1\" content=\"2 minutos\" \/>\n<script type=\"application\/ld+json\" class=\"yoast-schema-graph\">{\"@context\":\"https:\/\/schema.org\",\"@graph\":[{\"@type\":\"WebPage\",\"@id\":\"https:\/\/www.scuola.cl\/sivm\/apoderados\/documentos\/\",\"url\":\"https:\/\/www.scuola.cl\/sivm\/apoderados\/documentos\/\",\"name\":\"Documenti Importanti - Scuola Italiana\",\"isPartOf\":{\"@id\":\"https:\/\/www.scuola.cl\/sivm\/#website\"},\"datePublished\":\"2016-09-08T18:28:29+00:00\",\"dateModified\":\"2026-04-10T19:43:17+00:00\",\"breadcrumb\":{\"@id\":\"https:\/\/www.scuola.cl\/sivm\/apoderados\/documentos\/#breadcrumb\"},\"inLanguage\":\"es\",\"potentialAction\":[{\"@type\":\"ReadAction\",\"target\":[\"https:\/\/www.scuola.cl\/sivm\/apoderados\/documentos\/\"]}]},{\"@type\":\"BreadcrumbList\",\"@id\":\"https:\/\/www.scuola.cl\/sivm\/apoderados\/documentos\/#breadcrumb\",\"itemListElement\":[{\"@type\":\"ListItem\",\"position\":1,\"name\":\"Inicio\",\"item\":\"https:\/\/www.scuola.cl\/sivm\/\"},{\"@type\":\"ListItem\",\"position\":2,\"name\":\"APODERADOS\",\"item\":\"https:\/\/www.scuola.cl\/sivm\/apoderados\/\"},{\"@type\":\"ListItem\",\"position\":3,\"name\":\"Documenti Importanti\"}]},{\"@type\":\"WebSite\",\"@id\":\"https:\/\/www.scuola.cl\/sivm\/#website\",\"url\":\"https:\/\/www.scuola.cl\/sivm\/\",\"name\":\"Scuola Italiana\",\"description\":\"Vittorio Montiglio\",\"publisher\":{\"@id\":\"https:\/\/www.scuola.cl\/sivm\/#organization\"},\"potentialAction\":[{\"@type\":\"SearchAction\",\"target\":{\"@type\":\"EntryPoint\",\"urlTemplate\":\"https:\/\/www.scuola.cl\/sivm\/?s={search_term_string}\"},\"query-input\":{\"@type\":\"PropertyValueSpecification\",\"valueRequired\":true,\"valueName\":\"search_term_string\"}}],\"inLanguage\":\"es\"},{\"@type\":\"Organization\",\"@id\":\"https:\/\/www.scuola.cl\/sivm\/#organization\",\"name\":\"Scuola Italiana Vittorio Montiglio\",\"url\":\"https:\/\/www.scuola.cl\/sivm\/\",\"logo\":{\"@type\":\"ImageObject\",\"inLanguage\":\"es\",\"@id\":\"https:\/\/www.scuola.cl\/sivm\/#\/schema\/logo\/image\/\",\"url\":\"https:\/\/www.scuola.cl\/sivm\/wp-content\/uploads\/2019\/06\/Logo_Scuola-01-001-1000x1000.png\",\"contentUrl\":\"https:\/\/www.scuola.cl\/sivm\/wp-content\/uploads\/2019\/06\/Logo_Scuola-01-001-1000x1000.png\",\"width\":1000,\"height\":1000,\"caption\":\"Scuola Italiana Vittorio Montiglio\"},\"image\":{\"@id\":\"https:\/\/www.scuola.cl\/sivm\/#\/schema\/logo\/image\/\"}}]}<\/script>\n<!-- \/ Yoast SEO plugin. -->","yoast_head_json":{"title":"Documenti Importanti - Scuola Italiana","robots":{"index":"index","follow":"follow","max-snippet":"max-snippet:-1","max-image-preview":"max-image-preview:large","max-video-preview":"max-video-preview:-1"},"canonical":"https:\/\/www.scuola.cl\/sivm\/apoderados\/documentos\/","og_locale":"es_ES","og_type":"article","og_title":"Documenti Importanti - Scuola Italiana","og_url":"https:\/\/www.scuola.cl\/sivm\/apoderados\/documentos\/","og_site_name":"Scuola Italiana","article_modified_time":"2026-04-10T19:43:17+00:00","twitter_card":"summary_large_image","twitter_misc":{"Tiempo de lectura":"2 minutos"},"schema":{"@context":"https:\/\/schema.org","@graph":[{"@type":"WebPage","@id":"https:\/\/www.scuola.cl\/sivm\/apoderados\/documentos\/","url":"https:\/\/www.scuola.cl\/sivm\/apoderados\/documentos\/","name":"Documenti Importanti - Scuola Italiana","isPartOf":{"@id":"https:\/\/www.scuola.cl\/sivm\/#website"},"datePublished":"2016-09-08T18:28:29+00:00","dateModified":"2026-04-10T19:43:17+00:00","breadcrumb":{"@id":"https:\/\/www.scuola.cl\/sivm\/apoderados\/documentos\/#breadcrumb"},"inLanguage":"es","potentialAction":[{"@type":"ReadAction","target":["https:\/\/www.scuola.cl\/sivm\/apoderados\/documentos\/"]}]},{"@type":"BreadcrumbList","@id":"https:\/\/www.scuola.cl\/sivm\/apoderados\/documentos\/#breadcrumb","itemListElement":[{"@type":"ListItem","position":1,"name":"Inicio","item":"https:\/\/www.scuola.cl\/sivm\/"},{"@type":"ListItem","position":2,"name":"APODERADOS","item":"https:\/\/www.scuola.cl\/sivm\/apoderados\/"},{"@type":"ListItem","position":3,"name":"Documenti Importanti"}]},{"@type":"WebSite","@id":"https:\/\/www.scuola.cl\/sivm\/#website","url":"https:\/\/www.scuola.cl\/sivm\/","name":"Scuola Italiana","description":"Vittorio Montiglio","publisher":{"@id":"https:\/\/www.scuola.cl\/sivm\/#organization"},"potentialAction":[{"@type":"SearchAction","target":{"@type":"EntryPoint","urlTemplate":"https:\/\/www.scuola.cl\/sivm\/?s={search_term_string}"},"query-input":{"@type":"PropertyValueSpecification","valueRequired":true,"valueName":"search_term_string"}}],"inLanguage":"es"},{"@type":"Organization","@id":"https:\/\/www.scuola.cl\/sivm\/#organization","name":"Scuola Italiana Vittorio Montiglio","url":"https:\/\/www.scuola.cl\/sivm\/","logo":{"@type":"ImageObject","inLanguage":"es","@id":"https:\/\/www.scuola.cl\/sivm\/#\/schema\/logo\/image\/","url":"https:\/\/www.scuola.cl\/sivm\/wp-content\/uploads\/2019\/06\/Logo_Scuola-01-001-1000x1000.png","contentUrl":"https:\/\/www.scuola.cl\/sivm\/wp-content\/uploads\/2019\/06\/Logo_Scuola-01-001-1000x1000.png","width":1000,"height":1000,"caption":"Scuola Italiana Vittorio Montiglio"},"image":{"@id":"https:\/\/www.scuola.cl\/sivm\/#\/schema\/logo\/image\/"}}]}},"_links":{"self":[{"href":"https:\/\/www.scuola.cl\/sivm\/wp-json\/wp\/v2\/pages\/111","targetHints":{"allow":["GET"]}}],"collection":[{"href":"https:\/\/www.scuola.cl\/sivm\/wp-json\/wp\/v2\/pages"}],"about":[{"href":"https:\/\/www.scuola.cl\/sivm\/wp-json\/wp\/v2\/types\/page"}],"author":[{"embeddable":true,"href":"https:\/\/www.scuola.cl\/sivm\/wp-json\/wp\/v2\/users\/1"}],"replies":[{"embeddable":true,"href":"https:\/\/www.scuola.cl\/sivm\/wp-json\/wp\/v2\/comments?post=111"}],"version-history":[{"count":373,"href":"https:\/\/www.scuola.cl\/sivm\/wp-json\/wp\/v2\/pages\/111\/revisions"}],"predecessor-version":[{"id":32976,"href":"https:\/\/www.scuola.cl\/sivm\/wp-json\/wp\/v2\/pages\/111\/revisions\/32976"}],"up":[{"embeddable":true,"href":"https:\/\/www.scuola.cl\/sivm\/wp-json\/wp\/v2\/pages\/180"}],"wp:attachment":[{"href":"https:\/\/www.scuola.cl\/sivm\/wp-json\/wp\/v2\/media?parent=111"}],"curies":[{"name":"wp","href":"https:\/\/api.w.org\/{rel}","templated":true}]}}