{"version":"1.0","provider_name":"Scuola Italiana","provider_url":"https:\/\/www.scuola.cl\/sivm","author_name":"Comunicaciones","author_url":"https:\/\/www.scuola.cl\/sivm\/author\/comunicaciones-scuola\/","title":"Capacitaci\u00f3n Profesores Jefe - Scuola Italiana","type":"rich","width":600,"height":338,"html":"<blockquote class=\"wp-embedded-content\" data-secret=\"wNHJoPSfsZ\"><a href=\"https:\/\/www.scuola.cl\/sivm\/capacitacion-profesores-jefe\/\">Capacitaci\u00f3n Profesores Jefe<\/a><\/blockquote><iframe sandbox=\"allow-scripts\" security=\"restricted\" src=\"https:\/\/www.scuola.cl\/sivm\/capacitacion-profesores-jefe\/embed\/#?secret=wNHJoPSfsZ\" width=\"600\" height=\"338\" title=\"\u00abCapacitaci\u00f3n Profesores Jefe\u00bb \u2014 Scuola Italiana\" data-secret=\"wNHJoPSfsZ\" frameborder=\"0\" marginwidth=\"0\" marginheight=\"0\" scrolling=\"no\" class=\"wp-embedded-content\"><\/iframe><script type=\"text\/javascript\">\n\/* <![CDATA[ *\/\n\/*! This file is auto-generated *\/\n!function(d,l){\"use strict\";l.querySelector&&d.addEventListener&&\"undefined\"!=typeof URL&&(d.wp=d.wp||{},d.wp.receiveEmbedMessage||(d.wp.receiveEmbedMessage=function(e){var t=e.data;if((t||t.secret||t.message||t.value)&&!\/[^a-zA-Z0-9]\/.test(t.secret)){for(var s,r,n,a=l.querySelectorAll('iframe[data-secret=\"'+t.secret+'\"]'),o=l.querySelectorAll('blockquote[data-secret=\"'+t.secret+'\"]'),c=new RegExp(\"^https?:$\",\"i\"),i=0;i<o.length;i++)o[i].style.display=\"none\";for(i=0;i<a.length;i++)s=a[i],e.source===s.contentWindow&&(s.removeAttribute(\"style\"),\"height\"===t.message?(1e3<(r=parseInt(t.value,10))?r=1e3:~~r<200&&(r=200),s.height=r):\"link\"===t.message&&(r=new URL(s.getAttribute(\"src\")),n=new URL(t.value),c.test(n.protocol))&&n.host===r.host&&l.activeElement===s&&(d.top.location.href=t.value))}},d.addEventListener(\"message\",d.wp.receiveEmbedMessage,!1),l.addEventListener(\"DOMContentLoaded\",function(){for(var e,t,s=l.querySelectorAll(\"iframe.wp-embedded-content\"),r=0;r<s.length;r++)(t=(e=s[r]).getAttribute(\"data-secret\"))||(t=Math.random().toString(36).substring(2,12),e.src+=\"#?secret=\"+t,e.setAttribute(\"data-secret\",t)),e.contentWindow.postMessage({message:\"ready\",secret:t},\"*\")},!1)))}(window,document);\n\/* ]]> *\/\n<\/script>\n","thumbnail_url":"https:\/\/www.scuola.cl\/sivm\/wp-content\/uploads\/2025\/03\/Pj.jpg","thumbnail_width":900,"thumbnail_height":610,"description":"El martes 25 de febrero se realiz\u00f3 una capacitaci\u00f3n para los profesores jefe de la Scuola, que tuvo como objetivo destacar la importancia del rol del PJ en el acompa\u00f1amiento de los alumnos y sus familias."}

Capacitación Profesores Jefe - Scuola Italiana

<blockquote class="wp-embedded-content" data-secret="wNHJoPSfsZ"><a href="https://www.scuola.cl/sivm/capacitacion-profesores-jefe/">Capacitación Profesores Jefe</a></blockquote><iframe sandbox="allow-scripts" security="restricted" src="https://www.scuola.cl/sivm/capacitacion-profesores-jefe/embed/#?secret=wNHJoPSfsZ" width="600" height="338" title="«Capacitación Profesores Jefe» — Scuola Italiana" data-secret="wNHJoPSfsZ" frameborder="0" marginwidth="0" marginheight="0" scrolling="no" class="wp-embedded-content"></iframe><script type="text/javascript">
/* <![CDATA[ */
/*! This file is auto-generated */
!function(d,l){"use strict";l.querySelector&&d.addEventListener&&"undefined"!=typeof URL&&(d.wp=d.wp||{},d.wp.receiveEmbedMessage||(d.wp.receiveEmbedMessage=function(e){var t=e.data;if((t||t.secret||t.message||t.value)&&!/[^a-zA-Z0-9]/.test(t.secret)){for(var s,r,n,a=l.querySelectorAll('iframe[data-secret="'+t.secret+'"]'),o=l.querySelectorAll('blockquote[data-secret="'+t.secret+'"]'),c=new RegExp("^https?:$","i"),i=0;i<o.length;i++)o[i].style.display="none";for(i=0;i<a.length;i++)s=a[i],e.source===s.contentWindow&&(s.removeAttribute("style"),"height"===t.message?(1e3<(r=parseInt(t.value,10))?r=1e3:~~r<200&&(r=200),s.height=r):"link"===t.message&&(r=new URL(s.getAttribute("src")),n=new URL(t.value),c.test(n.protocol))&&n.host===r.host&&l.activeElement===s&&(d.top.location.href=t.value))}},d.addEventListener("message",d.wp.receiveEmbedMessage,!1),l.addEventListener("DOMContentLoaded",function(){for(var e,t,s=l.querySelectorAll("iframe.wp-embedded-content"),r=0;r<s.length;r++)(t=(e=s[r]).getAttribute("data-secret"))||(t=Math.random().toString(36).substring(2,12),e.src+="#?secret="+t,e.setAttribute("data-secret",t)),e.contentWindow.postMessage({message:"ready",secret:t},"*")},!1)))}(window,document);
/* ]]> */
</script>

El martes 25 de febrero se realizó una capacitación para los profesores jefe de la Scuola, que tuvo como objetivo destacar la importancia del rol del PJ en el acompañamiento de los alumnos y sus familias.
